 6*d**2 + 7*d + 6. Let s be r(7). Let m = s - 3. List the prime factors of m.
3
Let i(s) be the second derivative of s**5/20 + 7*s**4/12 + s**3/2 - 3*s**2 - 6*s. What are the prime factors of i(-6)?
2, 3
Let l = 46 + 58. Let d(h) = 2*h - 5. Let k be d(5). Suppose 0 = -k*u + l - 4. List the prime factors of u.
2, 5
Let w be (6/8)/((-1)/(-12)). Let k(i) = i - 5. Let z be k(0). Let c = z + w. What are the prime factors of c?
2
Let s be (-7)/14 - 15/(-6). Let k(y) = -2*y**3 - 2*y**2 + 2*y + 1. Let z be k(-2). Suppose -s*u = u - x - 15, u - z = x. What are the prime factors of u?
5
Let i(o) = o**2 + o - 6. Let g be i(2). Suppose g*k + k = 59. List the prime factors of k.
59
Let m(f) be the second derivative of -f**5/20 - f**4/2 - f**3/6 + 4*f**2 - 3*f. Let t be m(-6). Let c = 24 - t. List the prime factors of c.
2, 5
Suppose -4*k + 5*k + 4*m + 6 = 0, -2*k + 21 = -3*m. Suppose 5*t = 3*x - k*x + 3, 2*t - 6 = -2*x. Let d = -3 + x. What are the prime factors of d?
3
Let w = 12 - 17. What are the prime factors of 10*1 - (-6 - w)?
11
Suppose -2*h + 11 = -1. List the prime factors of h.
2, 3
Let v(g) = g**2 - 6*g - 9. List the prime factors of v(10).
31
Suppose -2*a + 72 + 36 = 0. Suppose a = 5*b - 2*b. What are the prime factors of b?
2, 3
Let x = 10 - 0. Suppose 4*n + x + 12 = 3*i, 2*n = 2*i - 16. Suppose -c - 6 = c, -s - 5*c - i = 0. What are the prime factors of s?
5
Suppose 5*w = -2 + 7. Suppose -2*m = -5 - w. What are the prime factors of m?
3
Let l = 6 - -3. Suppose -41 = -5*j + l. Suppose -3*o + 27 = 4*z - 5, -3*o + j = 2*z. What are the prime factors of z?
11
Let n(u) = -u**2 + u + 2. Let h be n(0). Suppose 4*m = 3*m + h*a + 28, -3*m + 74 = -4*a. List the prime factors of m.
2, 3
Suppose -689 = -4*t - 5*r, 2*t + 4*r - 259 - 87 = 0. Let j = -3 - -2. List the prime factors of (-2)/j*t/18.
19
List the prime factors of -2 - (-14)/8 - 4086/(-24).
2, 5, 17
Suppose 505 = 21*d - 16*d. What are the prime factors of d?
101
Let j be 5/3 + (-4)/6. Let w(i) = -4*i + 4*i - j + 2*i. List the prime factors of w(2).
3
Let v = 56 - 39. What are the prime factors of 0 + (-3 - v/(-1))?
2, 7
Suppose 5*r - 4*r - 39 = 0. Let o(j) = 6*j - 1. Let x be o(1). Suppose -r - 11 = -x*k. List the prime factors of k.
2, 5
Let a = 190 - 103. What are the prime factors of a?
3, 29
Suppose 4*h - 52 = -3*l, l + 2*l + 28 = 4*h. Let y be 25/(-10)*(-32)/h. Let f = y - 2. What are the prime factors of f?
2, 3
Let m = 422 - 238. List the prime factors of m.
2, 23
Let y(k) = k + 12. Let r be y(-10). Suppose 0 = 3*d + r*d - 60. What are the prime factors of d?
2, 3
Let b = -2 + 0. List the prime factors of 8/(-6)*6/b.
2
Suppose 0 = -5*k + 254 + 31. List the prime factors of k.
3, 19
Let k be 1/(-2)*(-6 - -6). Suppose k*z = 5*z - 30. List the prime factors of z.
2, 3
Let s(w) = 2*w**2 + 11*w + 4. Let o be s(-9). Suppose 5*a - x = 113, -5*a + 40 + o = x. Let y = 39 - a. What are the prime factors of y?
17
Let m(u) = -u**2 + 6*u - 10. Let k be m(4). Let r(z) = 7*z**2 + z - 2. List the prime factors of r(k).
2, 3
Suppose 0 = s - 5*s + 20. Suppose 0*d = 4*y + 4*d, -32 = -3*y + s*d. Suppose -y*c + 30 = -c. What are the prime factors of c?
2, 5
Suppose -v = 1 + 9. Let p = 8 - v. List the prime factors of p.
2, 3
Let o(d) = 31*d**2 + 2*d - 1. Let g be o(1). Suppose 3*p - 67 = g. What are the prime factors of p?
3, 11
Let y = 20 + -12. Suppose y = -n + 3*n. Suppose -2*k - 24 = -x + 2*k, -4*x + 36 = n*k. List the prime factors of x.
2, 3
Let x(r) = -r - 12. Suppose -u + 4*u = 0. Let z be x(u). List the prime factors of 3/z*10*-6.
3, 5
Let v(x) = -138*x - 10. What are the prime factors of v(-1)?
2
Let w(l) = -27*l**3 - 2*l**2 - l - 1. What are the prime factors of w(-1)?
5
Let t(b) = 5*b**2 + 19*b - 13. What are the prime factors of t(-9)?
13, 17
Let r = -4 - -11. Suppose -3*y - 1 = -r. List the prime factors of 14 - y - (0 - -1).
11
Suppose 2*k - 6*x + 2*x = 376, 984 = 5*k + x. What are the prime factors of (0 - -3)*k/21?
2, 7
Let t(q) = 3 + 0 - 7*q - 5 + 1. What are the prime factors of t(-2)?
13
Suppose -j - j = 20. Let t be (-56)/(-10) - (-6)/j. Suppose -i + t*i = 3*q + 51, -i + 5*q = -34. What are the prime factors of i?
3
Suppose v - 36 = -11. What are the prime factors of v?
5
Let w(x) = x**2 + 4*x - 8. Let m be w(-6). Suppose -4*d = -16, 25 = m*h + d + 9. What are the prime factors of h?
3
Suppose 12 = 3*b - b. Suppose 0 = 2*z - b*z. Suppose z = -4*q + 49 - 17. What are the prime factors of q?
2
Let p(x) = -x**3 + 8*x**2 - 9*x + 9. List the prime factors of p(6).
3
Let x(j) = -11*j**3 - j**2 - 13*j - 6. Let z(v) = 5*v**3 + v**2 + 6*v + 3. Let p(f) = 4*x(f) + 9*z(f). List the prime factors of p(-4).
11
Let h be -2 - -14*(-1 - -2). Let q = 24 - h. What are the prime factors of q?
2, 3
Let j = 7 - 4. Suppose -5*l - 40 = j*p + p, -2*p - 10 = 0. What are the prime factors of (21 + -1)*(-2)/l?
2, 5
Let t = -15 - -46. What are the prime factors of t?
31
Let p = -12 - -31. List the prime factors of p.
19
Let i(c) = -2*c**2 + 2*c + 4. Let x be i(3). Let p = x + 11. Suppose 0 = p*n - 0*n - 12. What are the prime factors of n?
2
Suppose -j + 1 = -3*a - 1, 0 = 4*a - 12. List the prime factors of j.
11
Let w = 15 + -7. Suppose l - 2*a + w = 0, l + 3*a - 21 = -2*l. Let d(q) = 9*q - 3. What are the prime factors of d(l)?
3, 5
Let h(o) = 11*o - 12. List the prime factors of h(7).
5, 13
Suppose -4*l - 32 = -2*y - 4, -4*l - 82 = -5*y. Suppose p + p = -4*f + y, 5*f = 5*p. What are the prime factors of (-9)/(f/12*-3)?
2, 3
Suppose 5*y + 62 = b - 2*b, -4*y - 67 = -5*b. Let t = 37 + y. What are the prime factors of t?
2, 3
Let m(p) = -42*p + 1. What are the prime factors of m(-2)?
5, 17
Let h = -7 - -10. Let k be -3 - h - (-1 - -1). List the prime factors of 9/k*8/(-3).
2
Let m(c) = 11*c**2 + 3*c - 2. Let w be m(2). Suppose -4*y + w = -44. What are the prime factors of y?
23
List the prime factors of (5 - 0 - 4) + 85.
2, 43
Suppose 5*w - 19 - 76 = 0. What are the prime factors of w?
19
Suppose -2*d + 58 = 5*c, 2*c - 98 = -2*d - d. List the prime factors of d.
2, 17
Let h(p) = -p**3 - 5*p + 12. Let i(d) = d - 1. Let v(j) = h(j) + 5*i(j). What are the prime factors of v(0)?
7
Suppose 0*o + o - 31 = 0. Let q = -17 + o. List the prime factors of q.
2, 7
Suppose -5*g + a = -269, -4*a = -5*g - 5*a + 271. Suppose 4*c - c = g. Suppose -3*r = 3*x - 51 + c, -73 = -5*x + 4*r. What are the prime factors of x?
13
Let l = 1 - -2. Suppose 0 = n + n - h - 8, 2*n + l*h - 8 = 0. What are the prime factors of n?
2
Let f(g) = 19*g. Let o be (-1 - 1) + 9/3. What are the prime factors of f(o)?
19
Let y = -6 + 62. What are the prime factors of y?
2, 7
Suppose 3*n + 2*k = n + 78, 5*k = 4*n - 156. What are the prime factors of n?
3, 13
Let z(s) = s**3 - 9*s**2 - 5*s - 2. What are the prime factors of z(10)?
2, 3
Suppose 3*s - 2*k + 151 = -19, 3*s + 205 = -5*k. Let i = 96 + s. List the prime factors of i.
2, 3
Let o(d) = -80*d - 28. Let s(g) = 9*g + 3. Let r(q) = 3*o(q) + 28*s(q). What are the prime factors of r(2)?
2, 3
Let q(z) be the second derivative of z**5/20 + 7*z**4/12 + z**3/2 - 4*z**2 + z. What are the prime factors of q(-6)?
2, 5
Let f(r) be the first derivative of -r**2/2 + 3*r + 1. Let k be (-2 + 3 + -1)*(0 + 1). What are the prime factors of f(k)?
3
Suppose 0 = 361*x - 365*x + 636. What are the prime factors of x?
3, 53
List the prime factors of (-3)/(12/(-304)) + 2.
2, 3, 13
Suppose 5*n + k = 26, 4*n + 2*k - 13 - 9 = 0. Suppose n*w - 79 - 21 = 0. What are the prime factors of w?
2, 5
Let y = -31 + 49. Suppose 2*k - y = k. List the prime factors of k.
2, 3
Let x(f) = 2*f**3 + 19*f**2 - 7*f + 5. List the prime factors of x(-9).
149
Let a be 3/(-9) - 13/(-3). Let c = a - 1. Suppose r + 20 = c*r. What are the prime factors of r?
2, 5
Let q(j) = -5*j. Let a be q(1). Let r(i) = -i**3 - 4*i**2 + i + 1. List the prime factors of r(a).
3, 7
Let k(n) = 5*n**2 - 13*n + 21. List the prime factors of k(8).
3, 79
Let u(g) = 0 + g - 1 + 1 - 1 + g**2. What are the prime factors of u(3)?
11
Suppose 1 = -2*m - 27. Let r = 1 - m. Let l = r + -7. What are the prime factors of l?
2
Let x be (-3 - -3)*1 - -4. Suppose -x*n - l = -12, 2*n + 5*l - 12 = 6*n. Suppose -b + 30 = n*b. List the prime factors of b.
2, 5
Suppose -10*g + 293 + 297 = 0. 